{"id":50,"date":"2024-08-04T15:16:21","date_gmt":"2024-08-04T15:16:21","guid":{"rendered":"https:\/\/dev.audis.ch\/wordpress\/?page_id=50"},"modified":"2025-10-27T12:47:45","modified_gmt":"2025-10-27T12:47:45","slug":"portrait","status":"publish","type":"page","link":"https:\/\/audis.ch\/?page_id=50","title":{"rendered":"Beratung, Begleitung und Aktivierung von Ressourcen"},"content":{"rendered":"\n<p>Ambulante psychiatrische Pflege&nbsp;<br>ADHS- &amp; Autismus-Coaching<\/p>\n\n\n\n<p><strong>Themen:<\/strong><\/p>\n\n\n\n<ul class=\"wp-block-list\">\n<li>Diagnose, was nun?<\/li>\n\n\n\n<li>\u00dcberbr\u00fcckung bis zum Therapie- oder Abkl\u00e4rungs-Termin<\/li>\n\n\n\n<li>Herausforderungen im Alltag<\/li>\n\n\n\n<li>Selbst- und Arbeits-Organisation<\/li>\n\n\n\n<li>Planung und Umsetzung einer Tages- und Wochenstruktur<\/li>\n\n\n\n<li>St\u00e4rkung des Selbstwertes<\/li>\n\n\n\n<li>Ressourcenaktivierung<\/li>\n\n\n\n<li>Kommunikation<\/li>\n\n\n\n<li>soziale Interaktionen<\/li>\n\n\n\n<li>Erkennen und Benennen von Gef\u00fchlen<\/li>\n\n\n\n<li>Umgang mit Overload\/Meltdown\/Shutdown (\u00dcberforderung\/<br>Ausnahme\u00adzustand\/Zusammenbruch)<\/li>\n\n\n\n<li>Impulskontrolle<\/li>\n\n\n\n<li>Umgang mit Krisen<\/li>\n\n\n\n<li>Unterst\u00fctzung Nachteilsausgleich<\/li>\n\n\n\n<li>Beratung des sozialen Umfeldes<\/li>\n\n\n\n<li>Beratung PDA-Autismusprofil<\/li>\n\n\n\n<li>Information und Beratung an Schulen, in Klassen und Betrieben.<\/li>\n<\/ul>\n\n\n\n<p>Falls gew\u00fcnscht, werden Angeh\u00f6rige, Fachpersonen und Schule resp. Arbeitsplatz oder Ausbildungsst\u00e4tte in die Prozessbegleitung miteinbezogen.<\/p>\n\n\n\n<p>Neurodivergente Menschen besitzen einzig\u00adartige Talente und F\u00e4higkeiten, die in einer neurotypischen Welt oft \u00fcbersehen wer\u00adden: Lass uns gemeinsam deine St\u00e4rken entdecken!<\/p>\n\n\n\n<p><\/p>\n","protected":false},"excerpt":{"rendered":"<p>Ambulante psychiatrische Pflege&nbsp;ADHS- &amp; Autismus-Coaching Themen: Falls gew\u00fcnscht, werden Angeh\u00f6rige, Fachpersonen und Schule resp. Arbeitsplatz oder Ausbildungsst\u00e4tte in die Prozessbegleitung miteinbezogen. Neurodivergente Menschen besitzen einzig\u00adartige Talente und F\u00e4higkeiten, die in einer neurotypischen Welt oft \u00fcbersehen wer\u00adden: Lass uns gemeinsam deine St\u00e4rken entdecken!<\/p>\n","protected":false},"author":1,"featured_media":402,"parent":0,"menu_order":0,"comment_status":"closed","ping_status":"closed","template":"","meta":{"footnotes":""},"class_list":["post-50","page","type-page","status-publish","has-post-thumbnail","hentry"],"_links":{"self":[{"href":"https:\/\/audis.ch\/index.php?rest_route=\/wp\/v2\/pages\/50","targetHints":{"allow":["GET"]}}],"collection":[{"href":"https:\/\/audis.ch\/index.php?rest_route=\/wp\/v2\/pages"}],"about":[{"href":"https:\/\/audis.ch\/index.php?rest_route=\/wp\/v2\/types\/page"}],"author":[{"embeddable":true,"href":"https:\/\/audis.ch\/index.php?rest_route=\/wp\/v2\/users\/1"}],"replies":[{"embeddable":true,"href":"https:\/\/audis.ch\/index.php?rest_route=%2Fwp%2Fv2%2Fcomments&post=50"}],"version-history":[{"count":13,"href":"https:\/\/audis.ch\/index.php?rest_route=\/wp\/v2\/pages\/50\/revisions"}],"predecessor-version":[{"id":545,"href":"https:\/\/audis.ch\/index.php?rest_route=\/wp\/v2\/pages\/50\/revisions\/545"}],"wp:featuredmedia":[{"embeddable":true,"href":"https:\/\/audis.ch\/index.php?rest_route=\/wp\/v2\/media\/402"}],"wp:attachment":[{"href":"https:\/\/audis.ch\/index.php?rest_route=%2Fwp%2Fv2%2Fmedia&parent=50"}],"curies":[{"name":"wp","href":"https:\/\/api.w.org\/{rel}","templated":true}]}}