{"id":149,"date":"2024-08-06T12:16:32","date_gmt":"2024-08-06T12:16:32","guid":{"rendered":"https:\/\/dev.audis.ch\/wordpress\/?page_id=149"},"modified":"2025-10-27T13:12:22","modified_gmt":"2025-10-27T13:12:22","slug":"ueber-mich","status":"publish","type":"page","link":"https:\/\/audis.ch\/?page_id=149","title":{"rendered":"\u00dcber mich"},"content":{"rendered":"\n<p>Als erfahrene Pflegefachfrau HF Psychiatrie biete ich eine individuelle Begleitung. Meine Herzensthemen sind ADHS und Autismus-Spektrum-St\u00f6rungen. In diesen Bereichen bin ich sowohl beruflich als auch pers\u00f6nlich tief verwurzelt. Als Angeh\u00f6rige kenne ich die Herausforderungen und Bed\u00fcrfnisse die mit diesen Themen einhergehen aus erster Hand.<\/p>\n\n\n\n<p>Ich bin begeisterungsf\u00e4hig, kreativ und geduldig. Ruhe und Zufriedenheit finde ich im Wald, an der N\u00e4hmaschine oder im Wasser.<br><\/p>\n\n\n\n<figure class=\"wp-block-image size-full\"><img loading=\"lazy\" decoding=\"async\" width=\"365\" height=\"365\" src=\"https:\/\/audis.ch\/wp-content\/uploads\/2025\/03\/portrt-Nadine-250316-1a.jpg\" alt=\"\" class=\"wp-image-529\" srcset=\"https:\/\/audis.ch\/wp-content\/uploads\/2025\/03\/portrt-Nadine-250316-1a.jpg 365w, https:\/\/audis.ch\/wp-content\/uploads\/2025\/03\/portrt-Nadine-250316-1a-300x300.jpg 300w, https:\/\/audis.ch\/wp-content\/uploads\/2025\/03\/portrt-Nadine-250316-1a-150x150.jpg 150w, https:\/\/audis.ch\/wp-content\/uploads\/2025\/03\/portrt-Nadine-250316-1a-100x100.jpg 100w\" sizes=\"auto, (max-width: 365px) 100vw, 365px\" \/><\/figure>\n\n\n\n<p><strong><em>Nadine Binggeli Veltman<\/em><\/strong>, Pflegefachfrau HF Psychiatrie<\/p>\n\n\n\n<p><strong>Arbeitserfahrung:<\/strong><\/p>\n\n\n\n<ul class=\"wp-block-list\">\n<li>ambulante, teilstation\u00e4re und station\u00e4re Psychiatrie \u2013 dies in diversen Rollen: F\u00fchrung, Fachverantwortung und Pflege.<\/li>\n\n\n\n<li>Dozentin \u00abOpen Dialogue\u00bb<\/li>\n<\/ul>\n\n\n\n<p><strong>Ausbildungen:<\/strong><\/p>\n\n\n\n<p>2025: Autismus Fachschulung <br>2024: Zert. Coach AD(H)S &amp; Autismus (SBAP)<br>2019: Zert. Familien- und Netzwerktherapie \u00abOpen Dialogue\u00bb fmi<br>2001: Diplom Pflegefachfrau HF Psychiatrie<\/p>\n\n\n\n<p><strong>Weiterbildungen:<\/strong><\/p>\n\n\n\n<p>2023: Resilienz<br>2022: Grundlehrgang F\u00fchrung<br>2019: Anthroposophische Pflege<br>2017: L\u00f6sungsfokussierte Kommunikation<\/p>\n\n\n\n<p><strong>Regelm\u00e4ssige Teilnahme an:<\/strong><\/p>\n\n\n\n<ul class=\"wp-block-list\">\n<li>Fachkongressen und Symposien<\/li>\n\n\n\n<li>Webinare der Fachverb\u00e4nde<\/li>\n<\/ul>\n\n\n\n<p><strong>Mitgliedschaften:<\/strong><\/p>\n\n\n\n<ul class=\"wp-block-list\">\n<li>SBK<\/li>\n\n\n\n<li>Curacasa<\/li>\n\n\n\n<li>Autismus Schweiz<\/li>\n\n\n\n<li>FAPDA<\/li>\n<\/ul>\n\n\n\n<p><strong>Weiterf\u00fchrendes:<\/strong><\/p>\n\n\n\n<p><a href=\"https:\/\/www.bernerzeitung.ch\/autismus-im-alltag-zwei-berner-frauen-erzaehlen-935096040280\" target=\"_blank\" rel=\"noreferrer noopener\">Bericht \u00fcber <strong>audis<\/strong> in der \u00abBerner Zeitung\u00bb vom 11. 12. 2024<\/a><\/p>\n\n\n\n<p><\/p>\n","protected":false},"excerpt":{"rendered":"<p>Als erfahrene Pflegefachfrau HF Psychiatrie biete ich eine individuelle Begleitung. Meine Herzensthemen sind ADHS und Autismus-Spektrum-St\u00f6rungen. In diesen Bereichen bin ich sowohl beruflich als auch pers\u00f6nlich tief verwurzelt. Als Angeh\u00f6rige kenne ich die Herausforderungen und Bed\u00fcrfnisse die mit diesen Themen einhergehen aus erster Hand. Ich bin begeisterungsf\u00e4hig, kreativ und geduldig. Ruhe und Zufriedenheit finde ich &hellip; <\/p>\n<p class=\"link-more\"><a href=\"https:\/\/audis.ch\/?page_id=149\" class=\"more-link\"><span class=\"screen-reader-text\">\u201e\u00dcber mich\u201c <\/span>weiterlesen<\/a><\/p>\n","protected":false},"author":1,"featured_media":391,"parent":0,"menu_order":0,"comment_status":"closed","ping_status":"closed","template":"","meta":{"footnotes":""},"class_list":["post-149","page","type-page","status-publish","has-post-thumbnail","hentry"],"_links":{"self":[{"href":"https:\/\/audis.ch\/index.php?rest_route=\/wp\/v2\/pages\/149","targetHints":{"allow":["GET"]}}],"collection":[{"href":"https:\/\/audis.ch\/index.php?rest_route=\/wp\/v2\/pages"}],"about":[{"href":"https:\/\/audis.ch\/index.php?rest_route=\/wp\/v2\/types\/page"}],"author":[{"embeddable":true,"href":"https:\/\/audis.ch\/index.php?rest_route=\/wp\/v2\/users\/1"}],"replies":[{"embeddable":true,"href":"https:\/\/audis.ch\/index.php?rest_route=%2Fwp%2Fv2%2Fcomments&post=149"}],"version-history":[{"count":20,"href":"https:\/\/audis.ch\/index.php?rest_route=\/wp\/v2\/pages\/149\/revisions"}],"predecessor-version":[{"id":558,"href":"https:\/\/audis.ch\/index.php?rest_route=\/wp\/v2\/pages\/149\/revisions\/558"}],"wp:featuredmedia":[{"embeddable":true,"href":"https:\/\/audis.ch\/index.php?rest_route=\/wp\/v2\/media\/391"}],"wp:attachment":[{"href":"https:\/\/audis.ch\/index.php?rest_route=%2Fwp%2Fv2%2Fmedia&parent=149"}],"curies":[{"name":"wp","href":"https:\/\/api.w.org\/{rel}","templated":true}]}}